 the units digit of 5053?
3
What is the hundreds digit of 6490?
4
What is the thousands digit of 2026?
2
What is the tens digit of 377?
7
What is the tens digit of 7735?
3
What is the ten thousands digit of 44899?
4
What is the units digit of 3260?
0
What is the units digit of 236?
6
What is the units digit of 3032?
2
What is the hundreds digit of 57315?
3
What is the thousands digit of 1776?
1
What is the hundreds digit of 9823?
8
What is the tens digit of 12975?
7
What is the tens digit of 55530?
3
What is the ten thousands digit of 10223?
1
What is the hundreds digit of 17461?
4
What is the hundreds digit of 6146?
1
What is the thousands digit of 33595?
3
What is the thousands digit of 1709?
1
What is the units digit of 7250?
0
What is the units digit of 4221?
1
What is the hundreds digit of 4981?
9
What is the hundreds digit of 102448?
4
What is the tens digit of 2229?
2
What is the units digit of 69305?
5
What is the units digit of 1891?
1
What is the hundreds digit of 5125?
1
What is the hundreds digit of 108?
1
What is the thousands digit of 4977?
4
What is the tens digit of 58902?
0
What is the units digit of 1200?
0
What is the thousands digit of 27943?
7
What is the tens digit of 74?
7
What is the units digit of 3045?
5
What is the thousands digit of 5749?
5
What is the units digit of 3820?
0
What is the thousands digit of 1471?
1
What is the tens digit of 38208?
0
What is the hundreds digit of 818?
8
What is the hundreds digit of 69556?
5
What is the thousands digit of 12624?
2
What is the hundreds digit of 24553?
5
What is the hundreds digit of 35862?
8
What is the units digit of 2786?
6
What is the units digit of 10271?
1
What is the units digit of 3090?
0
What is the tens digit of 3255?
5
What is the ten thousands digit of 26611?
2
What is the thousands digit of 4394?
4
What is the hundreds digit of 37248?
2
What is the units digit of 6623?
3
What is the tens digit of 7068?
6
What is the units digit of 3768?
8
What is the hundreds digit of 7633?
6
What is the tens digit of 15641?
4
What is the tens digit of 25568?
6
What is the units digit of 16?
6
What is the hundreds digit of 670?
6
What is the tens digit of 90480?
8
What is the tens digit of 1485?
8
What is the ten thousands digit of 47304?
4
What is the tens digit of 1229?
2
What is the ten thousands digit of 36695?
3
What is the units digit of 1330?
0
What is the hundreds digit of 798?
7
What is the thousands digit of 135303?
5
What is the tens digit of 4818?
1
What is the tens digit of 43822?
2
What is the tens digit of 1158?
5
What is the thousands digit of 8052?
8
What is the tens digit of 53673?
7
What is the thousands digit of 1260?
1
What is the ten thousands digit of 12548?
1
What is the tens digit of 698?
9
What is the tens digit of 63?
6
What is the hundreds digit of 2090?
0
What is the thousands digit of 7078?
7
What is the thousands digit of 9132?
9
What is the units digit of 322?
2
What is the tens digit of 4956?
5
What is the hundreds digit of 50495?
4
What is the tens digit of 39338?
3
What is the thousands digit of 4666?
4
What is the hundreds digit of 1249?
2
What is the hundreds digit of 139662?
6
What is the ten thousands digit of 27810?
2
What is the ten thousands digit of 14367?
1
What is the hundreds digit of 6997?
9
What is the tens digit of 2455?
5
What is the ten thousands digit of 60881?
6
What is the hundreds digit of 1243?
2
What is the tens digit of 5899?
9
What is the thousands digit of 6318?
6
What is the hundreds digit of 5500?
5
What is the units digit of 4707?
7
What is the ten thousands digit of 40929?
4
What is the units digit of 944?
4
What is the ten thousands digit of 29841?
2
What is the tens digit of 4136?
3
What is the thousands digit of 4921?
4
What is the thousands digit of 1565?
1
What is the tens digit of 11976?
7
What is the thousands digit of 2758?
2
What is the hundreds digit of 1932?
9
What is the tens digit of 625?
2
What is the tens digit of 4321?
2
What is the thousands digit of 8640?
8
What is the units digit of 4214?
4
What is the thousands digit of 6008?
6
What is the units digit of 30164?
4
What is the hundreds digit of 563?
5
What is the tens digit of 5131?
3
What is the thousands digit of 62228?
2
What is the tens digit of 3284?
8
What is the units digit of 1219?
9
What is the hundreds digit of 4179?
1
What is the thousands digit of 5304?
5
What is the tens digit of 985?
8
What is the units digit of 3918?
8
What is the tens digit of 261?
6
What is the units digit of 109029?
9
What is the ten thousands digit of 19591?
1
What is the tens digit of 1329?
2
What is the hundreds digit of 2663?
6
What is the units digit of 6395?
5
What is the hundreds digit of 986?
9
What is the thousands digit of 35689?
5
What is the ten thousands digit of 27946?
2
What is the thousands digit of 58574?
8
What is the tens digit of 9319?
1
What is the hundreds digit of 18316?
3
What is the tens digit of 87609?
0
What is the hundreds digit of 175?
1
What is the hundreds digit of 1823?
8
What is the thousands digit of 2489?
2
What is the hundreds digit of 2328?
3
What is the units digit of 59034?
4
What is the units digit of 26561?
1
What is the hundreds digit of 71474?
4
What is the tens digit of 29464?
6
What is the units digit of 14099?
9
What is the thousands digit of 1128?
1
What is the thousands digit of 6364?
6
What is the tens digit of 9401?
0
What is the tens digit of 1306?
0
What is the units digit of 455?
5
What is the units digit of 31932?
2
What is the tens digit of 101?
0
What is the hundreds digit of 30125?
1
What is the tens digit of 13408?
0
What is the tens digit of 504?
0
What is the units digit of 15264?
4
What is the hundreds digit of 233?
2
What is the tens digit of 358?
5
What is the hundreds digit of 5831?
8
What is the tens digit of 28799?
9
What is the hundreds digit of 705?
7
What is the units digit of 366?
6
What is the thousands digit of 1477?
1
What is the hundreds digit of 387?
3
What is the units digit of 3846?
6
What is the thousands digit of 44130?
4
What is the units digit of 109603?
3
What is the ten thousands digit of 11711?
1
What is the tens digit of 46?
4
What is the units digit of 1225?
5
What is the hundreds digit of 7496?
4
What is the hundreds digit of 13030?
0
What is the hundreds digit of 7442?
4
What is the ten thousands digit of 11743?
1
What is the tens digit of 10062?
6
What is the tens digit of 39945?
4
What is the thousands digit of 4892?
4
What is the hundreds digit of 31277?
2
What is the hundreds digit of 7087?
0
What is the tens digit of 13243?
4
What is the thousands digit of 20040?
0
What is the units digit of 2584?
4
What is the thousands digit of 19906?
9
What is the hundreds digit of 4835?
8
What is the hundreds digit of 1745?
7
What is the tens digit of 76011?
1
What is the units digit of 883?
3
What is the tens digit of 91135?
3
What is the units digit of 22414?
4
What is the tens digit of 4880?
8
What is the ten thousands digit of 20297?
2
What is the ten thousands digit of 41588?
4
What is the hundreds digit of 9839?
8
What is the thousands digit of 1405?
1
What is the thousands digit of 1849?
1
What is the units digit of 584?
4
What is the hundreds digit of 355?
3
What is the units digit of 37?
7
What is the thousands digit of 3123?
3
What is the thousands digit of 1387?
1
What is the thousands digit of 1953?
1
What is the hundreds digit of 623?
6
What is the tens digit of 21627?
2
What is the tens digit of 33940?
4
What is the ten thousands digit of 12420?
1
What is the hundreds digit of 425?
4
What is the ten thousands digit of 18459?
1
What is the units digit of 4192?
2
What is the ten thousands digit of 31611?
3
What is the ten thousands digit of 159372?
5
What is the hundred thousands digit of 114906?
1
What is the thousands digit of 1764?
1
What is the ten thousands digit of 16417?
1
What is the thousands digit of 10766?
0
What is the tens digit of 9599?
9
What is the hundreds digit of 151007?
0
What is the units digit of 384?
4
What is the hundreds digit of 147307?
3
What is the units digit of 90282?
2
What is the ten thousands digit of 65251?
6
What is the hundreds digit of 762?
7
What is the units digit of 492?
2
What is the thousands digit of 112463?
2
What is the 